e prime factors of b?
3, 53, 113
Let t = -41927 - -61651. List the prime factors of t.
2, 4931
Let x(y) = -4*y**3 - 146*y**2 - 238*y - 29. List the prime factors of x(-38).
3, 71, 83
Let w = 18186 + 6992. What are the prime factors of w?
2, 12589
Suppose 17*b = 287849 - 71439. List the prime factors of b.
2, 5, 19, 67
Suppose -2*h - 3*g = -147, -h - 4*g = -0*h - 71. Let a = -71 + h. List the prime factors of ((-2 - 0) + a)*434/4.
7, 31
Suppose -o - 8*l + 6387 = 3*l, 4*o = -4*l + 25748. List the prime factors of o.
2, 3221
Let c = 449 - 447. Suppose 4*p + 4*q - 28 = 0, -c*p = -6*p - 2*q + 36. List the prime factors of p.
11
Suppose 6*v = 30 + 84. Suppose v*n = 18*n. List the prime factors of (10/(-4) + n)/((-4)/120).
3, 5
Suppose 4*j = a + 2204, 5*j + 5*a + 395 = 3175. Suppose -6*t + j = -1392. What are the prime factors of t?
2, 3
Let n be (1292/(-76))/((-2)/(-2)) - -3. Let k be (66/(-4))/((-3)/18). Let j = n + k. List the prime factors of j.
5, 17
Let a be ((4 - 0)/(-4))/1 + 4. Let f(u) = -4 - 3*u - 2*u + a*u - 10*u. What are the prime factors of f(-8)?
2, 23
Let p = -211 + 523. Let b = p - 198. List the prime factors of b.
2, 3, 19
Let a(j) = 27*j**2 - 2*j + 5. Let k be a(4). Let d = -293 + k. Let z = 220 - d. What are the prime factors of z?
2, 3, 7
Suppose -2575*j - 48440 = -2583*j. What are the prime factors of j?
5, 7, 173
Let h(q) = -835*q + 1242. List the prime factors of h(-53).
45497
What are the prime factors of (-1 - 7) + 56219 - (-21 - -11)?
11, 19, 269
Let f = 17 + -13. Suppose 4*w - 2*k = k - 83, f*k - 4 = 0. What are the prime factors of (8/w)/(1/(-305))?
2, 61
List the prime factors of (-380)/(-152)*230784/20.
2, 3, 601
Let j = -2 + -129. Let x = 174 + j. List the prime factors of x.
43
Suppose -2*l = -3*u + 9, 0*l + 4*l - 4*u + 8 = 0. Let h(x) = -x**2 + 4*x - 6. Let c be h(l). List the prime factors of (-7995)/(-45) + 2/c.
3, 59
Let s = 12552 - -8349. List the prime factors of s.
3, 6967
Suppose 0 = 2*w - 10*w + 16. Let f(r) = r**2 + w*r + r**2 - 24 + 33. What are the prime factors of f(-4)?
3, 11
Suppose 22*x + 7281 = m + 21*x, 0 = 5*m + 5*x - 36445. What are the prime factors of m?
5, 31, 47
Let v = -67363 + 99900. What are the prime factors of v?
32537
Let z be (26/6)/1 - 108/(-162). Suppose 3*r - 3*a - 435 - 600 = 0, -2*r + 699 = -z*a. Let k = 491 - r. What are the prime factors of k?
149
Let v = -128 - -133. Suppose v*n + z - 2*z = 1062, 3*z - 1074 = -5*n. What are the prime factors of n?
3, 71
Let w = -251 - -1053. Let k = w - 409. What are the prime factors of k?
3, 131
Let b = 10422 + -896. What are the prime factors of b?
2, 11, 433
Let o = 7 + -7. Let s be 42/1 + (o - -1). Suppose 7*f = -s + 379. List the prime factors of f.
2, 3
Let n(i) = i**3 + 3*i**2 + 4*i + 4. Let f(l) = l**2 - 11*l - 15. Let r be f(12). Let j be n(r). List the prime factors of 2 - (3 - -1) - j.
2, 3
Suppose 9*n - 13225 - 18311 = 0. What are the prime factors of n?
2, 3, 73
Suppose j - d = -0*j - 424, 864 = -2*j - 2*d. Let f = j - -685. List the prime factors of f.
257
Suppose 0 = -235*o - 174*o + 10542793. What are the prime factors of o?
149, 173
Suppose 562091 + 6253 = 21*q. What are the prime factors of q?
2, 17, 199
Let d be -2*7/35*-7340. Suppose 5*a - 2399 = -2*q + 561, a = 2*q - d. List the prime factors of q.
2, 3, 5, 7
Let g be 2/(-3 - -1)*13. Let a = g + 2. Let w = 111 + a. What are the prime factors of w?
2, 5
Let n(p) = 3*p**2 + 14*p + 18. Let r = 54 - 62. Let w be r - (-8)/(-2) - (-5 + 2). List the prime factors of n(w).
3, 5
List the prime factors of (-55 + 0)*269*(-10)/125*10.
2, 11, 269
Suppose 0 = -4*b + 17*b - 20839. Suppose -17*s - b = -9967. List the prime factors of s.
2, 3, 41
Suppose -177 = -3*p - 2*u, -3*p + p + 5*u + 118 = 0. Suppose 0 = 5*h + 4*o - 1005, 3*h + o - p - 551 = 0. List the prime factors of h.
5, 41
Suppose -2*q - 724 = -3*u - 2153, -5*u = q + 2360. Suppose 0 = -17*s + 12*s - 1085. Let b = s - u. What are the prime factors of b?
2
Let k be ((-200)/140)/(2/(-7)). Let t(j) be the third derivative of j**6/120 - j**5/60 - j**4/6 - 5*j**3/3 + j**2. What are the prime factors of t(k)?
2, 5, 7
Suppose 27 = 5*z - 3*b, -5 = -3*b - 2*b. Suppose -5*h - z*h + 44 = 0. List the prime factors of (52/(-10))/(h/(-70)).
7, 13
Let k be (-14)/(-35) - (-48)/5. Suppose 4*m - 34 + k = 0. Suppose -m*y + 306 = -240. List the prime factors of y.
7, 13
Let n = -110 + 197. Suppose 3*y + 2*y = 55. Suppose x + 5*r - y = 0, -3*r - n = -0*x - 2*x. List the prime factors of x.
2, 3
Let b = 190 + -190. What are the prime factors of b + (6 - 9) - -716?
23, 31
Suppose -8*o + 47224 = 694968. What are the prime factors of 4/(-18) - o/261?
2, 5, 31
Let t(z) = z**3 - 18*z**2 + 21*z - 52. Let a be t(17). Let f = a + 148. What are the prime factors of f?
2, 41
Let n = -38 - -13679. What are the prime factors of n?
3, 4547
Let n(v) = -5*v + 38. Let q be n(8). Let b(w) = -96*w**3 - 4*w**2 - 2*w + 1. List the prime factors of b(q).
757
Let h = 41030 + -25229. What are the prime factors of h?
3, 23, 229
Suppose 0 = -q - 2*k + 7954 - 2315, 0 = q - 4*k - 5621. What are the prime factors of q?
43, 131
What are the prime factors of (-2 + 6)*(5 + (-7371)/(-52))?
587
Suppose 0 = 5*r - 3*r - b - 60070, 0 = -5*r - 4*b + 150214. List the prime factors of r.
2, 23, 653
Let m be 3*2 + (-2)/1. Suppose -4*g + q = -127, 0*q = g + q - 33. Suppose -m*t - g = -148. What are the prime factors of t?
29
Let t(x) = -x**2 + 19*x + 20. Let a be t(14). Let b(g) = -g**2 - 4*g - 14. Let h be b(-4). List the prime factors of 297/7 - (-7 - a/h).
43
Let h be (-11 - 2 - -7)/((-4)/2). Let j be -1 + (-2 + h)*-3 + 183. Suppose -5*s = -1124 + j. List the prime factors of s.
3, 7
Suppose 2*k = h - 3*h + 50, -5*k = -2*h + 57. List the prime factors of 100/h + 6/39 - -870.
2, 19, 23
Let k(s) = -s**3 + 8*s**2 - 3*s - 16. Let h be k(7). Suppose -h*c - 4792 = -20*c. What are the prime factors of c?
599
Suppose 756*b = 786*b - 1763460. What are the prime factors of b?
2, 3, 97, 101
Let l(p) = -3*p**3 - 7*p**2 + p + 3. Let a be l(-3). Let w(y) = -32*y + 0*y**2 + 0 - 2 + 2*y**2. What are the prime factors of w(a)?
2, 5, 7
Let l be 2/((-4)/6) - (-2 - -3). Let f(w) = -w**2 - 4*w - 4. Let g be f(l). List the prime factors of (157 - -3 - 4) + g.
2, 19
Suppose -3*h + 1 = -4*h. Let k be (-7 - -7)/(0 + h). Suppose -9*y + 478 - 28 = k. List the prime factors of y.
2, 5
Let z = -1740 + 1238. Let i = -166 - z. Suppose -3*x - 2*v = -229, -3*x = -4*v + 119 - i. What are the prime factors of x?
3, 5
Let i = -452 + 513. Let a = i + 641. What are the prime factors of a?
2, 3, 13
Suppose -3*l - 1347 = -2*h, -5*l - 2*h - 2245 = h. Let o = l + 929. What are the prime factors of o?
2, 3, 5
Let w = 42940 - 1306. List the prime factors of w.
2, 3, 257
Let y = -40 + 43. Let w = -25 + y. Let a = 111 + w. List the prime factors of a.
89
Suppose 3*c + 0*b = 2*b + 45, c - 5*b - 28 = 0. Suppose c*n = 6*n + 77. Let j(i) = -i**2 + 9*i + 34. What are the prime factors of j(n)?
2, 3
Let b be ((-15)/3)/1 + 1972/(-4). Let t = b - -552. List the prime factors of t.
2, 3
List the prime factors of (-38 - (24 - 62)) + (-16366)/(-2).
7, 167
Let z(o) = -117*o + 4277. What are the prime factors of z(-104)?
5, 11, 13, 23
Let r be (-7)/(-42) - 3693/18. Let y = 280 + r. List the prime factors of y.
3, 5
Suppose 29161 = 4*v + u - 34719, -3*u - 12 = 0. List the prime factors of v.
15971
Let j be (5/4)/(1/4). Suppose -816*x - 234 = -894*x. Suppose -j*i - x*k = -0*k - 493, -3*i - k + 295 = 0. List the prime factors of i.
2, 7
Let q = 15414 + -5915. What are the prime factors of q?
7, 23, 59
Let v = 42445 + -22130. List the prime factors of v.
5, 17, 239
Let p(a) = -1219*a**3 + 15*a**2 + 4*a - 2. Let y(f) = -1218*f**3 + 18*f**2 + 4*f - 3. Let u(k) = 6*p(k) - 5*y(k). List the prime factors of u(-1).
1223
Suppose -5*c + 152414 = -2*v + 39690, -5*c = -5*v - 112730. What are the prime factors of c?
2, 1409
Suppose 15*t - 17*t + 1334 = 0. Suppose 4*r + j = t, -2*r = -6*r + 5*j + 649. Suppose -c + r = c. What are the prime factors of c?
83
Let p(h) = 69*h**2 + 6*h + 5. Let o be p(-4). Let c = o - 377. List the prime factors of c.
2, 3, 59
Suppose -w + x + 63623 = 0, -w + 5*x = -42341 - 21250. List the prime factors of w.
17, 19, 197
Suppose 